. What are the prime factors of f(-8)?
13, 31
Let s(p) = -p**3 + 6*p**2 + 2*p - 8. Let j be s(6). Suppose q + 4*o + 10 = 53, j*q - 2*o = 244. List the prime factors of q.
59
Let f(v) = 11*v**2 + 4*v + 8. Let g(t) = t**3 - 15*t**2 - 17*t + 14. Let k be g(16). What are the prime factors of f(k)?
2, 11
Let c(f) = -f**3 + 32*f**2 + 21*f + 153. What are the prime factors of c(31)?
5, 353
What are the prime factors of ((-1060)/25)/(2/(-10)*2)?
2, 53
Suppose -2*z + 344 = 3*p, -3*p - 4*z + 311 + 41 = 0. Suppose -19*v = -15*v - p. List the prime factors of v.
2, 7
Suppose j - 3*x = 7, -5*x = -2*j - 0*x + 11. Let l be 8/12*(-5 - j). Let q(z) = -4*z**3 + z**2 + 2*z + 1. List the prime factors of q(l).
3, 11
Let b = 19 - 10. Let y be (-51 - 1)/((-4)/6). What are the prime factors of y/4*12/b?
2, 13
Let q be 1/(1/(-89)*-1). Let n = q - 49. Let d = n + -18. What are the prime factors of d?
2, 11
Let w = -7 - -10. Suppose -2*k = w*b - 117, b - k = 4*k + 39. List the prime factors of b.
3, 13
Let t = 10 + -8. Suppose -2*o = -6 - t. Suppose 0 = y + o*y - 130. What are the prime factors of y?
2, 13
Let u = 48 + -40. Let x(k) = 7*k - 26. What are the prime factors of x(u)?
2, 3, 5
Let j(s) = 10*s - 4. Let w be j(7). List the prime factors of w - ((3 - 4) + 1).
2, 3, 11
Let k(p) = 4*p**2 + 12*p - 81. What are the prime factors of k(12)?
3, 71
Suppose -5*y - 5*y = -2880. What are the prime factors of y?
2, 3
Let p(q) = -131*q - 92. What are the prime factors of p(-9)?
1087
Let l be (3726/(-8))/((-5)/(200/15)). Suppose 372 = -6*n + l. What are the prime factors of n?
5, 29
Suppose 5*h - 4*r - 10308 = 0, 2*r = -5*h + 3009 + 7317. What are the prime factors of h?
2, 3, 43
Let t(s) = s**2 + 13*s + 17. Let v be t(-12). Let d = -1 + v. Suppose 3*n - c - 101 = 0, -2*n + d*c + 84 = -0*c. What are the prime factors of n?
2
Let r(t) = 5*t**3 + 13*t**2 - 26*t + 21. Let k(n) = -4*n**2 + 9*n - 7 - n - n + 2*n - 2*n**3. Let q(l) = 8*k(l) + 3*r(l). List the prime factors of q(6).
7
Let a be 2/(-6) + (-32)/(-6). What are the prime factors of -2 - (a/(-10))/(2/28)?
5
List the prime factors of (2 - 105)/(220/(-24) + 9).
2, 3, 103
Suppose 0 = 3*f + 5*x - 2322, 2*f - 5*x - 1174 = 349. What are the prime factors of f?
769
Let r(k) = 48*k**3 + 2*k**2 + 2*k + 2. Let u be r(-2). Let d = -201 - u. What are the prime factors of d?
3, 59
Let s = -12 - -14. Suppose 51 + 5 = s*v. What are the prime factors of v?
2, 7
Let q be 9/(-6) + 9/2. Suppose 0 = -k - r - q*r - 14, -4*k - 3*r = 4. Suppose o + 41 = k*o. What are the prime factors of o?
41
Suppose 7*f + 3697 = 9598. What are the prime factors of f?
3, 281
Suppose 10*z = 5*z - 5. Let n be 4 + (7 + z)/(-3). What are the prime factors of -2*1/n*-63?
3, 7
Suppose 5*h + 3*c = 19, 3*c + 0*c = -h - 1. Let d(y) = 8*y - 10. What are the prime factors of d(h)?
2, 3, 5
Let d(w) = -w**2 + 17*w + 7. Let t(g) = -g**3 + 22*g**2 + g - 18. Let y be t(22). Let z be ((-52)/(y - 8))/1. List the prime factors of d(z).
59
Let f(y) = -96*y + 1227. List the prime factors of f(0).
3, 409
Let n(h) = 28*h**2 - 2*h + 1. Let v(s) = 2*s**3 - 2*s**2 + s + 2. Let m be v(-1). Let p be m/(-3 + 24/4). What are the prime factors of n(p)?
31
Suppose -8*a + 678 = -1378. What are the prime factors of a?
257
Suppose -3*y - 17171 = -10*y. Suppose -8*c - 749 = -y. What are the prime factors of c?
3, 71
Let h(d) = -1959*d - 73. What are the prime factors of h(-2)?
5, 769
Suppose 2 = w - 2*g + 9, -w - 3*g = -18. Suppose -2*r = 2*h - 206, -w*r - 12 = -6*r. List the prime factors of h.
3, 11
Let d(l) = 2*l**2 + 6*l - 30. Let k be d(7). Suppose -670 = -6*n + k. List the prime factors of n.
2, 5, 13
Suppose 5*o + 5*z + 15 = 0, -o - 3*z = -5 + 18. Suppose o*h = -4*m + 6, 3*m - 2*m - 4*h = 24. What are the prime factors of m - 1 - (-325)/5?
2, 17
Let g = -522 - -943. What are the prime factors of g?
421
Let s = 1483 + -832. What are the prime factors of s?
3, 7, 31
Suppose 5*c - 15 = -5. Suppose -4*x + 357 = -67. Suppose d - x = -c*d + o, -5*o - 122 = -3*d. List the prime factors of d.
2, 17
Let b(k) = -k**2 + 12*k - 9. Let h be b(11). Suppose 0 = h*o - 7*o + 30. Suppose 9*m - 192 = o*m. List the prime factors of m.
2
Let t = 1540 + -860. List the prime factors of t.
2, 5, 17
Let a(q) = 3*q**3 + 4*q + 2*q**2 - q**2 - 6*q**3 + 5*q**3. List the prime factors of a(3).
3, 5
Suppose 16*i = 12*i. Suppose -2*m + 2*u - 43 = -239, -2*u + 6 = i. What are the prime factors of m?
101
Suppose -9*x + 2563 = -3566. List the prime factors of x.
3, 227
Suppose v - 15 + 1 = 0. Suppose -2*p + 18 = 4*l, 4*l + v = 4*p + 2. Suppose 2*x = p*x - 168. What are the prime factors of x?
2, 7
Let u(s) = -s**3 + 20*s**2 - 15*s + 56. List the prime factors of u(19).
2, 3, 11
Let z(y) = -2*y**3 + 13*y**2 - 13*y + 17. List the prime factors of z(5).
3
List the prime factors of 9/15 - (10962/30)/(-1).
2, 3, 61
Suppose -627 = -5*l - 1847. Let p = l + 422. What are the prime factors of p?
2, 89
Suppose 4*z - 5*o - 37 = 0, -3*o + o = 10. Let m = 6 + -2. Suppose 4*p + r = 99, z*p + 5*r = 83 + m. What are the prime factors of p?
2, 3
List the prime factors of 894 + (-11 - 36/(-6)).
7, 127
Suppose 0 = -2*c + 11*c + 495. What are the prime factors of c/10*(-10)/(-2 + 3)?
5, 11
Let y(b) = 144*b - 174. List the prime factors of y(5).
2, 3, 7, 13
Let p(i) = -91*i + 3. Let f be p(-2). Let a(v) = -v**3 - 8*v - 2. Let d be a(-6). Let g = d - f. List the prime factors of g.
7, 11
Let i be 725/3 - 4/(-12). Suppose -f = f - i. What are the prime factors of (-10)/35 - f/(-7)?
17
Suppose 4*x - 2*o = -8, -x + 4*x + o = 4. Suppose -v + x*v = -11. Let i(y) = -y**3 + 11*y**2 + 3*y - 25. List the prime factors of i(v).
2
Let q(p) be the first derivative of -7*p**2/2 - p + 2. What are the prime factors of q(-1)?
2, 3
Let f(l) = 11*l**2 - 8*l + 10 + 15 - 10*l**2. List the prime factors of f(7).
2, 3
Let v = 6995 + -2754. List the prime factors of v.
4241
Let b be 57/(-38)*(-21 + -1). Suppose 149 = 7*u - b. What are the prime factors of u?
2, 13
Suppose 2 + 7 = 3*v. Suppose v*q + 2*m + 2 = 0, -5*m - 33 = 2*q - 10*m. List the prime factors of ((-2)/q)/(1/28).
2, 7
Let f(i) = -40 + 10 + 29*i + 15 + 8. What are the prime factors of f(6)?
167
Suppose -3*h = 2*g - 621, 0 = g - h - 71 - 242. List the prime factors of g.
2, 3, 13
Suppose 202 = 3*z - 803. List the prime factors of z.
5, 67
Suppose -2235 = -5*o - a, 11*o + 5*a + 1313 = 14*o. List the prime factors of o.
2, 223
Let q be (-7)/21 - 37/(-3). Suppose 2*o - 126 = -q. List the prime factors of 0 + o/3*1.
19
Suppose -4*p - 1 = -3*c, -2*c = 4*p - c + 5. Let d be 2 + p + -1 + 0. What are the prime factors of 2 + d - -17 - 3?
2
Let p = -780 - -3259. List the prime factors of p.
37, 67
List the prime factors of -67*5*(18/(-5) - -3).
3, 67
Let l(i) = 3*i**2 + 10*i - 1. Let c be l(-5). Suppose 7*u - c = u. What are the prime factors of u?
2
Let k = 219 + 17. What are the prime factors of k?
2, 59
Let t = 1067 + -717. List the prime factors of t.
2, 5, 7
Suppose -3885 + 1143 = -4*a + 3*b, -2*b = a - 691. What are the prime factors of a?
3, 229
Let h = 99 - 98. Let d = h + 336. What are the prime factors of d?
337
Let h = 32 + -195. Let l = -53 - h. What are the prime factors of l?
2, 5, 11
Suppose -94*c + 83*c + 5742 = 0. List the prime factors of c.
2, 3, 29
Let u = -524 + 2464. List the prime factors of u.
2, 5, 97
Suppose -101*u - 510 = -187461. What are the prime factors of u?
3, 617
Let j = -79 + 91. What are the prime factors of 7*-6*j/(-7)?
2, 3
Suppose -7*u + 835 = -208. Suppose 0 = -0*h - h + u. List the prime factors of h.
149
Suppose 0 = -2*v - 3*g + 13, 0 = 8*v - 4*v + 5*g - 23. Suppose -199 = -2*c - 5*t + v*t, 0 = -2*c - t + 205. List the prime factors of c.
2, 13
Let k(a) = 7*a**2 - 31*a - 29. Let n(p) = -3*p**2 + 15*p + 15. Let m(c) = -2*k(c) - 5*n(c). What are the prime factors of m(15)?
13
Suppose 3*a - 642 = -3*v, 0*a - 12 = -3*a. List the prime factors of 12/7*v/20.
2, 3
Let w(h) = 6*h**2 + 23*h + 35. List the prime factors of w(13).
2, 337
Let w = 20 - -24. Let l = -12 + w. Suppose -6*t - l = -8*t. What are the prime factors of t?
2
Let o = -40 + 28. Suppose n + 1 = 3, 2*t = 4*n. What are the prime factors of -37*t/o*3?
37
Suppose 2*b + 170 = 3*g, -2*g - 3*b = -74 - 22. Let n = 3